{"id":283,"date":"2013-11-21T15:00:42","date_gmt":"2013-11-21T13:00:42","guid":{"rendered":"http:\/\/www.genius-akademie.com\/?page_id=283"},"modified":"2018-05-26T04:11:05","modified_gmt":"2018-05-26T02:11:05","slug":"energieeffizienz-in-der-gebaeudeinfrastruktur","status":"publish","type":"page","link":"https:\/\/www.genius-akademie.de\/?page_id=283","title":{"rendered":"Energieeffizienz in der Geb\u00e4udeinfrastruktur"},"content":{"rendered":"<p><a href=\"https:\/\/www.genius-akademie.de\/wp-content\/uploads\/2013\/11\/energieverbrauch.jpg\"><img loading=\"lazy\" decoding=\"async\" class=\"alignright wp-image-304 size-full\" style=\"border: 0px;\" src=\"https:\/\/www.genius-akademie.de\/wp-content\/uploads\/2013\/11\/energieverbrauch.jpg\" alt=\"\" width=\"400\" height=\"343\" srcset=\"https:\/\/www.genius-akademie.de\/wp-content\/uploads\/2013\/11\/energieverbrauch.jpg 400w, https:\/\/www.genius-akademie.de\/wp-content\/uploads\/2013\/11\/energieverbrauch-300x257.jpg 300w\" sizes=\"(max-width: 400px) 100vw, 400px\" \/><\/a><span style=\"font-family: arial,helvetica,sans-serif; font-size: 16px;\">Green-IT ist ein viel verwendetes Schlagwort. Leider stellt sich oft heraus, dass es sich um Marketingaussagen mit wenig Substanz handelt. Wir betrachten das Thema im Gesamtzusammenhang und untersuchen herstellerneutral die M\u00f6glichkeiten f\u00fcr Kostenreduzierungen bei den Energieverbr\u00e4uchen unter Ber\u00fccksichtigung der IST-Situation und der Amortisationszeit.<\/span><\/p>\n<p><span style=\"font-family: arial,helvetica,sans-serif; font-size: 16px;\">Der Focus liegt hierbei auf folgenden Hauptbereichen:<\/span><\/p>\n<ul>\n<li><span style=\"font-family: arial,helvetica,sans-serif; font-size: 16px;\"><b>IT Equipment<\/b><\/span><br \/>\n<span style=\"font-family: arial,helvetica,sans-serif; font-size: 16px;\"> &#8211; Client PCs<\/span><br \/>\n<span style=\"font-family: arial,helvetica,sans-serif; font-size: 16px;\"> &#8211;\u00a0Server<\/span><br \/>\n<span style=\"font-family: arial,helvetica,sans-serif; font-size: 16px;\"> &#8211;\u00a0Netzwerkkomponenten\u00a0 LAN \/ SAN<\/span><\/li>\n<li><span style=\"font-family: arial,helvetica,sans-serif; font-size: 16px;\"><b>Klimatisierung<\/b><\/span><br \/>\n<span style=\"font-family: arial,helvetica,sans-serif; font-size: 16px;\"> &#8211;\u00a0K\u00e4lteerzeugung<\/span><br \/>\n<span style=\"font-family: arial,helvetica,sans-serif; font-size: 16px;\"> &#8211;\u00a0K\u00e4lteverteilung<\/span><\/li>\n<li><span style=\"font-family: arial,helvetica,sans-serif; font-size: 16px;\"><b>Elektrotechnik\/ Geb\u00e4udesysteme<\/b><\/span><br \/>\n<span style=\"font-family: arial,helvetica,sans-serif; font-size: 16px;\"> &#8211;\u00a0USV<\/span><br \/>\n<span style=\"font-family: arial,helvetica,sans-serif; font-size: 16px;\"> &#8211;\u00a0Energie Messsysteme<\/span><\/li>\n<\/ul>\n","protected":false},"excerpt":{"rendered":"<p>Green-IT ist ein viel verwendetes Schlagwort. Leider stellt sich oft heraus, dass es sich um Marketingaussagen mit wenig Substanz handelt. Wir betrachten das Thema im Gesamtzusammenhang und untersuchen herstellerneutral die M\u00f6glichkeiten f\u00fcr Kostenreduzierungen bei den Energieverbr\u00e4uchen unter Ber\u00fccksichtigung der IST-Situation und der Amortisationszeit. Der Focus liegt hierbei auf folgenden Hauptbereichen: IT Equipment &#8211; Client PCs &hellip; <\/p>\n<p><a class=\"more-link btn\" href=\"https:\/\/www.genius-akademie.de\/?page_id=283\">Weiterlesen<\/a><\/p>\n","protected":false},"author":3,"featured_media":0,"parent":67,"menu_order":7,"comment_status":"closed","ping_status":"closed","template":"","meta":{"footnotes":""},"_links":{"self":[{"href":"https:\/\/www.genius-akademie.de\/index.php?rest_route=\/wp\/v2\/pages\/283"}],"collection":[{"href":"https:\/\/www.genius-akademie.de\/index.php?rest_route=\/wp\/v2\/pages"}],"about":[{"href":"https:\/\/www.genius-akademie.de\/index.php?rest_route=\/wp\/v2\/types\/page"}],"author":[{"embeddable":true,"href":"https:\/\/www.genius-akademie.de\/index.php?rest_route=\/wp\/v2\/users\/3"}],"replies":[{"embeddable":true,"href":"https:\/\/www.genius-akademie.de\/index.php?rest_route=%2Fwp%2Fv2%2Fcomments&post=283"}],"version-history":[{"count":5,"href":"https:\/\/www.genius-akademie.de\/index.php?rest_route=\/wp\/v2\/pages\/283\/revisions"}],"predecessor-version":[{"id":2280,"href":"https:\/\/www.genius-akademie.de\/index.php?rest_route=\/wp\/v2\/pages\/283\/revisions\/2280"}],"up":[{"embeddable":true,"href":"https:\/\/www.genius-akademie.de\/index.php?rest_route=\/wp\/v2\/pages\/67"}],"wp:attachment":[{"href":"https:\/\/www.genius-akademie.de\/index.php?rest_route=%2Fwp%2Fv2%2Fmedia&parent=283"}],"curies":[{"name":"wp","href":"https:\/\/api.w.org\/{rel}","templated":true}]}}