{"id":281,"date":"2013-11-21T15:00:10","date_gmt":"2013-11-21T13:00:10","guid":{"rendered":"http:\/\/www.genius-akademie.com\/?page_id=281"},"modified":"2014-02-02T18:41:32","modified_gmt":"2014-02-02T16:41:32","slug":"planung-von-rechenzentren","status":"publish","type":"page","link":"https:\/\/www.genius-akademie.de\/?page_id=281","title":{"rendered":"Planung von Rechenzentren"},"content":{"rendered":"<p><span style=\"font-family: arial,helvetica,sans-serif; font-size: 16px;\">Rechenzentren sind das Herzst\u00fcck moderner IT-Systeme. Durch die hohe Packungsdichte der Komponenten und der Infrastruktur ist hier eine fundierte Planung besonders wichtig, um einen effizienten Betrieb mit geringen Betriebskosten zu sichern.<\/span><\/p>\n<p><span style=\"font-family: arial,helvetica,sans-serif; font-size: 16px;\">Mit der Erfahrung aus mehr als 10 Jahren erfolgreicher RZ-Planung f\u00fcr gro\u00dfe und mittelst\u00e4ndige Unternehmen sind wir in diesem Bereich ein kompetenter Partner. Speziell Migrationskonzepte zur Modernisierung und Optimierung bestehender Anlagen stellen hier immer wieder interessante Herausforderungen dar.<\/span><\/p>\n<p><span style=\"font-family: arial,helvetica,sans-serif; font-size: 16px;\"><strong>Unsere Leistungen:<\/strong><\/span><\/p>\n<ul>\n<li><span style=\"font-family: arial,helvetica,sans-serif; font-size: 16px;\">Ermittlung Layout, (Komponenten- Anzahl, H\u00f6heneinheiten und Typ, Reserven)<\/span><\/li>\n<li><span style=\"font-family: arial,helvetica,sans-serif; font-size: 16px;\">Redundanzkonzepte (r\u00e4umliche Trennung, Doppelung von Funktionen)<\/span><\/li>\n<li><span style=\"font-family: arial,helvetica,sans-serif; font-size: 16px;\">Planung LAN \/ WAN \/ SAN Infrastruktur<\/span><\/li>\n<li><span style=\"font-family: arial,helvetica,sans-serif; font-size: 16px;\">R\u00e4umliche Aufteilung und logische Gruppierung (Komponenten und Racks)<\/span><\/li>\n<li><span style=\"font-family: arial,helvetica,sans-serif; font-size: 16px;\">EMV\u00a0 \/ Blitzschutz \/ VPAA<\/span><\/li>\n<li><span style=\"font-family: arial,helvetica,sans-serif; font-size: 16px;\">Planung Doppelboden \/ Trassen (Koordination, Entzerrung der Medien)<\/span><\/li>\n<li><span style=\"font-family: arial,helvetica,sans-serif; font-size: 16px;\">Berechnung Leistungsaufnahme \/ W\u00e4rmeabgabe \/ Reserven<\/span><\/li>\n<li><span style=\"font-family: arial,helvetica,sans-serif; font-size: 16px;\">Betrachtung der Energieeffizienz , Green-IT<\/span><\/li>\n<li><span style=\"font-family: arial,helvetica,sans-serif; font-size: 16px;\">Auswahl und Dimensionierung einer geeigneten Klimatisierungsl\u00f6sung<\/span><\/li>\n<li><span style=\"font-family: arial,helvetica,sans-serif; font-size: 16px;\">Energieversorgung \/ USV<\/span><\/li>\n<li><span style=\"font-family: arial,helvetica,sans-serif; font-size: 16px;\">Sicherheitstechnik: ZuKo, EMA, Video, Brandschutz<\/span><\/li>\n<\/ul>\n<p><span style=\"font-family: arial,helvetica,sans-serif; font-size: 16px;\">\u00a0<\/span><\/p>\n<p><span style=\"color: #ff0000; font-family: arial,helvetica,sans-serif; font-size: 16px;\"><b>Hochverf\u00fcgbarkeit bei optimierten Betriebskosten<\/b><\/span><\/p>\n<p><a href=\"http:\/\/www.genius-akademie.com\/wp-content\/uploads\/2013\/11\/rz-planung.png\"><img loading=\"lazy\" decoding=\"async\" class=\"alignright size-full wp-image-299\" style=\"border: 0px;\" alt=\"rz- planung\" src=\"http:\/\/www.genius-akademie.com\/wp-content\/uploads\/2013\/11\/rz-planung.png\" width=\"806\" height=\"487\" srcset=\"https:\/\/www.genius-akademie.de\/wp-content\/uploads\/2013\/11\/rz-planung.png 806w, https:\/\/www.genius-akademie.de\/wp-content\/uploads\/2013\/11\/rz-planung-300x181.png 300w, https:\/\/www.genius-akademie.de\/wp-content\/uploads\/2013\/11\/rz-planung-510x308.png 510w\" sizes=\"(max-width: 806px) 100vw, 806px\" \/><\/a><\/p>\n<p>&nbsp;<\/p>\n","protected":false},"excerpt":{"rendered":"<p>Rechenzentren sind das Herzst\u00fcck moderner IT-Systeme. Durch die hohe Packungsdichte der Komponenten und der Infrastruktur ist hier eine fundierte Planung besonders wichtig, um einen effizienten Betrieb mit geringen Betriebskosten zu sichern. Mit der Erfahrung aus mehr als 10 Jahren erfolgreicher RZ-Planung f\u00fcr gro\u00dfe und mittelst\u00e4ndige Unternehmen sind wir in diesem Bereich ein kompetenter Partner. Speziell &hellip; <\/p>\n<p><a class=\"more-link btn\" href=\"https:\/\/www.genius-akademie.de\/?page_id=281\">Weiterlesen<\/a><\/p>\n","protected":false},"author":3,"featured_media":0,"parent":67,"menu_order":5,"comment_status":"closed","ping_status":"closed","template":"","meta":{"footnotes":""},"_links":{"self":[{"href":"https:\/\/www.genius-akademie.de\/index.php?rest_route=\/wp\/v2\/pages\/281"}],"collection":[{"href":"https:\/\/www.genius-akademie.de\/index.php?rest_route=\/wp\/v2\/pages"}],"about":[{"href":"https:\/\/www.genius-akademie.de\/index.php?rest_route=\/wp\/v2\/types\/page"}],"author":[{"embeddable":true,"href":"https:\/\/www.genius-akademie.de\/index.php?rest_route=\/wp\/v2\/users\/3"}],"replies":[{"embeddable":true,"href":"https:\/\/www.genius-akademie.de\/index.php?rest_route=%2Fwp%2Fv2%2Fcomments&post=281"}],"version-history":[{"count":4,"href":"https:\/\/www.genius-akademie.de\/index.php?rest_route=\/wp\/v2\/pages\/281\/revisions"}],"predecessor-version":[{"id":1105,"href":"https:\/\/www.genius-akademie.de\/index.php?rest_route=\/wp\/v2\/pages\/281\/revisions\/1105"}],"up":[{"embeddable":true,"href":"https:\/\/www.genius-akademie.de\/index.php?rest_route=\/wp\/v2\/pages\/67"}],"wp:attachment":[{"href":"https:\/\/www.genius-akademie.de\/index.php?rest_route=%2Fwp%2Fv2%2Fmedia&parent=281"}],"curies":[{"name":"wp","href":"https:\/\/api.w.org\/{rel}","templated":true}]}}