{"id":279,"date":"2013-11-21T14:59:32","date_gmt":"2013-11-21T12:59:32","guid":{"rendered":"http:\/\/www.genius-akademie.com\/?page_id=279"},"modified":"2018-05-26T04:07:18","modified_gmt":"2018-05-26T02:07:18","slug":"netzwerkplanung-wlan","status":"publish","type":"page","link":"https:\/\/www.genius-akademie.de\/?page_id=279","title":{"rendered":"Netzwerkplanung WLAN"},"content":{"rendered":"<p><a href=\"https:\/\/www.genius-akademie.de\/wp-content\/uploads\/2013\/11\/wireless_router_am_netz.jpg\"><img loading=\"lazy\" decoding=\"async\" class=\"alignright wp-image-296 size-full\" style=\"border: 0px none;\" src=\"https:\/\/www.genius-akademie.de\/wp-content\/uploads\/2013\/11\/wireless_router_am_netz.jpg\" alt=\"\" width=\"180\" height=\"114\" \/><\/a><span style=\"font-family: arial,helvetica,sans-serif; font-size: 16px;\">WLAN-Infrastrukturen haben als Erg\u00e4nzung zu drahtgebundenen Netzwerken inzwischen einen hohen Stellenwert erlangt. Obwohl die Technik am Markt bereits einige Jahre eingef\u00fchrt ist, sind die Standards stetig in Bewegung, um Bandbreiten und weitere Qualit\u00e4tsmerkmale zu optimieren.<\/span><\/p>\n<p><span style=\"font-family: arial,helvetica,sans-serif; font-size: 16px;\">Unser Ziel ist es, WLAN Netzwerke\u00a0<strong>effizient<\/strong>\u00a0zu planen, d.h. mit der minimalen Anzahl von Accesspoints die h\u00f6chste Verf\u00fcgbarkeit und Bandbreite zu erreichen. Durch die hohe Anzahl von Systemen in den ISM-B\u00e4ndern werden <strong>Frequenzmanagement<\/strong>\u00a0und<b>\u00a0<\/b><strong>St\u00f6ranalyse mittels Spektrum- Analysator<\/strong>\u00a0zu einem immer wichtigeren Teil der WLAN-Planung.<\/span><\/p>\n<p><span style=\"font-family: arial,helvetica,sans-serif; font-size: 16px;\">Die Wechselwirkungen zwischen internen und externen Einfl\u00fcssen ist hierbei eine der gr\u00f6\u00dften Herausforderungen. Diese ist nur durch den Einsatz spezieller Analysatoren machbar, die es erm\u00f6glichen, mehrere Parameter und Grenzwerte im Zusammenhang zu visualisieren.<\/span><\/p>\n<p><span style=\"font-family: arial,helvetica,sans-serif; font-size: 16px;\"><strong>Durch unsere langj\u00e4hrige Erfahrung bei der Planung komplexer Systeme und der Optimierung bestehender Anlagen sind wir f\u00fcr unsere Kunden der optimale Partner.<\/strong><\/span><\/p>\n","protected":false},"excerpt":{"rendered":"<p>WLAN-Infrastrukturen haben als Erg\u00e4nzung zu drahtgebundenen Netzwerken inzwischen einen hohen Stellenwert erlangt. Obwohl die Technik am Markt bereits einige Jahre eingef\u00fchrt ist, sind die Standards stetig in Bewegung, um Bandbreiten und weitere Qualit\u00e4tsmerkmale zu optimieren. Unser Ziel ist es, WLAN Netzwerke\u00a0effizient\u00a0zu planen, d.h. mit der minimalen Anzahl von Accesspoints die h\u00f6chste Verf\u00fcgbarkeit und Bandbreite zu &hellip; <\/p>\n<p><a class=\"more-link btn\" href=\"https:\/\/www.genius-akademie.de\/?page_id=279\">Weiterlesen<\/a><\/p>\n","protected":false},"author":3,"featured_media":0,"parent":67,"menu_order":4,"comment_status":"closed","ping_status":"closed","template":"","meta":{"footnotes":""},"_links":{"self":[{"href":"https:\/\/www.genius-akademie.de\/index.php?rest_route=\/wp\/v2\/pages\/279"}],"collection":[{"href":"https:\/\/www.genius-akademie.de\/index.php?rest_route=\/wp\/v2\/pages"}],"about":[{"href":"https:\/\/www.genius-akademie.de\/index.php?rest_route=\/wp\/v2\/types\/page"}],"author":[{"embeddable":true,"href":"https:\/\/www.genius-akademie.de\/index.php?rest_route=\/wp\/v2\/users\/3"}],"replies":[{"embeddable":true,"href":"https:\/\/www.genius-akademie.de\/index.php?rest_route=%2Fwp%2Fv2%2Fcomments&post=279"}],"version-history":[{"count":5,"href":"https:\/\/www.genius-akademie.de\/index.php?rest_route=\/wp\/v2\/pages\/279\/revisions"}],"predecessor-version":[{"id":2278,"href":"https:\/\/www.genius-akademie.de\/index.php?rest_route=\/wp\/v2\/pages\/279\/revisions\/2278"}],"up":[{"embeddable":true,"href":"https:\/\/www.genius-akademie.de\/index.php?rest_route=\/wp\/v2\/pages\/67"}],"wp:attachment":[{"href":"https:\/\/www.genius-akademie.de\/index.php?rest_route=%2Fwp%2Fv2%2Fmedia&parent=279"}],"curies":[{"name":"wp","href":"https:\/\/api.w.org\/{rel}","templated":true}]}}